{"id":55,"date":"2025-10-02T16:23:45","date_gmt":"2025-10-02T16:23:45","guid":{"rendered":"http:\/\/cecilejutan.fr\/?page_id=55"},"modified":"2026-02-26T14:04:59","modified_gmt":"2026-02-26T14:04:59","slug":"about-us","status":"publish","type":"page","link":"https:\/\/cecilejutan.fr\/?page_id=55","title":{"rendered":"Qui suis-je ?"},"content":{"rendered":"\t\t<div data-elementor-type=\"wp-page\" data-elementor-id=\"55\" class=\"elementor elementor-55\" data-elementor-post-type=\"page\">\n\t\t\t\t<div class=\"elementor-element elementor-element-5c2e854e e-flex e-con-boxed e-con e-parent\" data-id=\"5c2e854e\" data-element_type=\"container\">\n\t\t\t\t\t<div class=\"e-con-inner\">\n\t\t\t\t<div class=\"elementor-element elementor-element-3aa7c224 elementor--h-position-center elementor--v-position-middle elementor-arrows-position-inside elementor-pagination-position-inside elementor-widget elementor-widget-slides\" data-id=\"3aa7c224\" data-element_type=\"widget\" data-settings=\"{&quot;navigation&quot;:&quot;both&quot;,&quot;autoplay&quot;:&quot;yes&quot;,&quot;pause_on_hover&quot;:&quot;yes&quot;,&quot;pause_on_interaction&quot;:&quot;yes&quot;,&quot;autoplay_speed&quot;:5000,&quot;infinite&quot;:&quot;yes&quot;,&quot;transition&quot;:&quot;slide&quot;,&quot;transition_speed&quot;:500}\" data-widget_type=\"slides.default\">\n\t\t\t\t<div class=\"elementor-widget-container\">\n\t\t\t\t\t\t\t\t\t<div class=\"elementor-swiper\">\n\t\t\t\t\t<div class=\"elementor-slides-wrapper elementor-main-swiper swiper\" role=\"region\" aria-roledescription=\"carousel\" aria-label=\"Slides\" dir=\"ltr\" data-animation=\"fadeInUp\">\n\t\t\t\t<div class=\"swiper-wrapper elementor-slides\">\n\t\t\t\t\t\t\t\t\t\t<div class=\"elementor-repeater-item-f41687f swiper-slide\" role=\"group\" aria-roledescription=\"slide\"><div class=\"swiper-slide-bg\" role=\"img\" aria-label=\"IMG_1572\"><\/div><div class=\"elementor-background-overlay\"><\/div><div class=\"swiper-slide-inner\" ><div class=\"swiper-slide-contents\"><div class=\"elementor-slide-heading\">QUI SUIS-JE ?<\/div><div class=\"elementor-slide-description\">Professeure de yoga \u00e0 Istres et alentours, je propose des cours accessibles \u00e0 tous, en collectif ou en individuel. \u00c0 travers une pratique douce et adapt\u00e9e, je vous aide \u00e0 r\u00e9duire le stress, am\u00e9liorer votre souplesse et retrouver \u00e9quilibre et bien-\u00eatre au quotidien.<\/div><\/div><\/div><\/div>\t\t\t\t<\/div>\n\t\t\t\t\t\t\t<\/div>\n\t\t\t\t<\/div>\n\t\t\t\t\t\t\t\t<\/div>\n\t\t\t\t<\/div>\n\t\t\t\t\t<\/div>\n\t\t\t\t<\/div>\n\t\t<div class=\"elementor-element elementor-element-2ad6cb3 e-flex e-con-boxed e-con e-parent\" data-id=\"2ad6cb3\" data-element_type=\"container\">\n\t\t\t\t\t<div class=\"e-con-inner\">\n\t\t<div class=\"elementor-element elementor-element-34ae102 e-con-full e-flex e-con e-child\" data-id=\"34ae102\" data-element_type=\"container\">\n\t\t\t\t<div class=\"elementor-element elementor-element-8a6ed68 elementor-widget elementor-widget-image\" data-id=\"8a6ed68\" data-element_type=\"widget\" data-widget_type=\"image.default\">\n\t\t\t\t<div class=\"elementor-widget-container\">\n\t\t\t\t\t\t\t\t\t\t\t\t\t\t\t<img decoding=\"async\" src=\"http:\/\/cecilejutan.fr\/wp-content\/uploads\/elementor\/thumbs\/PHOTO-CECILE-rd5d8w2c4dwxhhk9eaf5kcozqc2y93fdhgez7ct5e0.jpg\" title=\"PHOTO CECILE\" alt=\"PHOTO CECILE\" loading=\"lazy\" \/>\t\t\t\t\t\t\t\t\t\t\t\t\t\t\t<\/div>\n\t\t\t\t<\/div>\n\t\t\t\t<div class=\"elementor-element elementor-element-2aa2cbe0 elementor-widget elementor-widget-heading\" data-id=\"2aa2cbe0\" data-element_type=\"widget\" data-widget_type=\"heading.default\">\n\t\t\t\t<div class=\"elementor-widget-container\">\n\t\t\t\t\t<h2 class=\"elementor-heading-title elementor-size-default\">C\u00e9cile Jutan<\/h2>\t\t\t\t<\/div>\n\t\t\t\t<\/div>\n\t\t\t\t<\/div>\n\t\t<div class=\"elementor-element elementor-element-aa30cec e-con-full e-flex e-con e-child\" data-id=\"aa30cec\" data-element_type=\"container\">\n\t\t\t\t<div class=\"elementor-element elementor-element-5d339ab elementor-widget elementor-widget-text-editor\" data-id=\"5d339ab\" data-element_type=\"widget\" data-widget_type=\"text-editor.default\">\n\t\t\t\t<div class=\"elementor-widget-container\">\n\t\t\t\t\t\t\t\t\t<p>Depuis l\u2019enfance j\u2019ai toujours \u00e9t\u00e9 proche de la nature et en qu\u00eate de sens.\u00a0 Logisticienne de formation, mon m\u00e9tier initial \u00e9tait assez stressant et fatiguant.\u00a0 Pour trouver un \u00e9quilibre int\u00e9rieur, je commence \u00e0 pratiquer le yoga \u00e0 25 ans. Cette pratique inspir\u00e9e de la nature me reconnecte \u00e0 moi-m\u00eame, me nourrit et me transforme et je note aussi l&#8217;influence sur mon entourage. Le Yoga devient pour moi un v\u00e9ritable chemin de vie et l\u2019envie de transmettre devient une \u00e9vidence. Depuis 2011, j&#8217;enseigne le yoga, j&#8217;ai \u00e0 c\u0153ur de contribuer \u00e0 accompagner les personnes vers un mieux-\u00eatre.<\/p><p>Je re\u00e7ois avec gratitude et je donne \u00e0 mon tour avec enthousiasme !<\/p><p>Je rends hommage \u00e0 tous mes enseignants, je ne peux pas tous les nommer ici, \u00e0 mes parents aussi, pour m\u2019avoir \u00e9clair\u00e9 et guid\u00e9 sur mon chemin. Je chemine toujours bien-s\u00fbr en exp\u00e9rimentant et en me formant, cela est pour moi source de joie, de profondeur et d\u2019\u00e9veil.<\/p><p><b>Mon parcours<\/b><\/p><p>1997, je rencontre le yoga, l&#8217;expore et l&#8217;exp\u00e9rimente pendant 10 ans.<\/p><p>De 2008 \u00e0 2011, je me forme aupr\u00e8s de l\u2019\u00c9cole Fran\u00e7aise du Yoga du Sud-Est (EFYSE) dont je suis dipl\u00f4m\u00e9e en tant qu\u2019enseignante de yoga (900h \/ 4 ans). Je re\u00e7ois alors principalement les enseignements du<b> yoga de l\u2019\u00e9nergie, du yoga de Madras et du Cachemire ainsi que le yoga de Nil Hahoutoff<\/b>. je commence \u00e0 transmettre \u00e0 mon tour.<\/p><p>Sensible au chant d\u2019un oiseau, d\u2019une musique, je m\u2019\u00e9merveille en Yoga par la puissance des sons (mantras, bajans, chant v\u00e9dique\u2026). Je m\u2019investis alors dans le <b>Yoga du son<\/b>. Mes exp\u00e9riences et mes recherches me m\u00e8nent \u00e0 me former \u00e0 la <b>sonoth\u00e9rapie<\/b> (en 2010 et 2011) aupr\u00e8s d\u2019Emmanuel Comte et d\u2019Ir\u00e8ne Ernst. Nomm\u00e9e aussi sonologie ou Toucher par les Sons\u00ae cette technique de relaxation profonde gr\u00e2ce aux sons, aux vibrations permet l\u2019harmonisation de l\u2019\u00eatre.<\/p><p>De 2011 \u00e0 2013 je continue d\u2019approfondir mes pratiques et connaissances philosophiques aupr\u00e8s de Boris Tatsky (yoga de l\u2019Energie) dans le cadre de stages longs et post-formations.<\/p><p>Depuis 2014, je suis r\u00e9guli\u00e8rement les enseignements de Philippe de Fallois (Lign\u00e9e Nil Hahoutoff).<\/p><p>En d\u00e9cembre 2016, je pars dans le sud de l\u2019Inde au Krishnamacharya Yoga Mandiram pour contacter la source des enseignements du Yoga de Madras issu de Krishnamacharya et de Desikachar.<\/p><p>De 2016 \u00e0 2019, j\u2019ai suivi en post-formation l\u2019enseignement de Driss Benzouine et j\u2019ai pu notamment explorer lors de ces quatre ann\u00e9es\u00a0:<br \/>&#8211;<b> La dimension des fascias au travers du yoga<\/b> (spirales dynamiques, mouvements primaires)<br \/>&#8211; Les liens entre yoga et soufisme (philosophie, danse derviche)<br \/>&#8211; L\u2019approche fine et sensible du yoga f\u00e9minin<\/p><p>Cette post formation me fait \u00e9voluer notamment avec la\/ma dimension f\u00e9minine et me donne envie de renouer avec le yoga dans l\u2019eau d\u00e9couvert lors de ma formation de base \u00e0 l\u2019EFYSE aupr\u00e8s de Laur\u00e9dana Hamoniaux. Je me forme \u00e0 <b>l\u2019Aqua Yoga<\/b> aupr\u00e8s de Magali Tirel en 2019.<\/p><p>Toujours en qu\u00eate de finesse et profondeur autant en moi-m\u00eame que dans mes accompagnements, je me forme au<b> yoga des \u00e9motions<\/b> avec l\u2019Universit\u00e9 Internationale de Yoga et Diva Yoga, dont je suis dipl\u00f4m\u00e9e en 2022.<\/p><p>Depuis 2012, je re\u00e7ois \u00e9galement si besoin des personnes dans mon cabinet \u00e0 Istres, pour des s\u00e9ances de Yoga individuelles ou des soins de Sonoth\u00e9rapie.<\/p>\t\t\t\t\t\t\t\t<\/div>\n\t\t\t\t<\/div>\n\t\t\t\t<\/div>\n\t\t\t\t\t<\/div>\n\t\t\t\t<\/div>\n\t\t<div class=\"elementor-element elementor-element-a7d6f2d e-flex e-con-boxed e-con e-parent\" data-id=\"a7d6f2d\" data-element_type=\"container\">\n\t\t\t\t\t<div class=\"e-con-inner\">\n\t\t\t\t<div class=\"elementor-element elementor-element-f7643db elementor-arrows-position-inside elementor-pagination-position-outside elementor-widget elementor-widget-image-carousel\" data-id=\"f7643db\" data-element_type=\"widget\" data-settings=\"{&quot;slides_to_show&quot;:&quot;4&quot;,&quot;navigation&quot;:&quot;both&quot;,&quot;autoplay&quot;:&quot;yes&quot;,&quot;pause_on_hover&quot;:&quot;yes&quot;,&quot;pause_on_interaction&quot;:&quot;yes&quot;,&quot;autoplay_speed&quot;:5000,&quot;infinite&quot;:&quot;yes&quot;,&quot;speed&quot;:500}\" data-widget_type=\"image-carousel.default\">\n\t\t\t\t<div class=\"elementor-widget-container\">\n\t\t\t\t\t\t\t<div class=\"elementor-image-carousel-wrapper swiper\" role=\"region\" aria-roledescription=\"carousel\" aria-label=\"Image Carousel\" dir=\"ltr\">\n\t\t\t<div class=\"elementor-image-carousel swiper-wrapper\" aria-live=\"off\">\n\t\t\t\t\t\t\t\t<div class=\"swiper-slide\" role=\"group\" aria-roledescription=\"slide\" aria-label=\"1 of 6\"><figure class=\"swiper-slide-inner\"><img decoding=\"async\" class=\"swiper-slide-image\" src=\"http:\/\/cecilejutan.fr\/wp-content\/uploads\/elementor\/thumbs\/IMG_1721-scaled-rhud8pw8qrtb6te2hggokj4n7rpyjk24cjtp4mh2ls.jpg\" alt=\"IMG_1721\" \/><\/figure><\/div><div class=\"swiper-slide\" role=\"group\" aria-roledescription=\"slide\" aria-label=\"2 of 6\"><figure class=\"swiper-slide-inner\"><img decoding=\"async\" class=\"swiper-slide-image\" src=\"http:\/\/cecilejutan.fr\/wp-content\/uploads\/elementor\/thumbs\/PHOTO-2023-10-15-19-49-59-1-rdiwv9nyqxboc90bkofp858l6700cnayjcplt58jg0.jpg\" alt=\"PHOTO-2023-10-15-19-49-59 (1)\" \/><\/figure><\/div><div class=\"swiper-slide\" role=\"group\" aria-roledescription=\"slide\" aria-label=\"3 of 6\"><figure class=\"swiper-slide-inner\"><img decoding=\"async\" class=\"swiper-slide-image\" src=\"http:\/\/cecilejutan.fr\/wp-content\/uploads\/elementor\/thumbs\/PHOTO-2024-05-25-13-32-19-1-rdiwvalsxrcynuyyf6ubsn01rkvdkceovhd3af759s.jpg\" alt=\"PHOTO-2024-05-25-13-32-19 (1)\" \/><\/figure><\/div><div class=\"swiper-slide\" role=\"group\" aria-roledescription=\"slide\" aria-label=\"4 of 6\"><figure class=\"swiper-slide-inner\"><img decoding=\"async\" class=\"swiper-slide-image\" src=\"http:\/\/cecilejutan.fr\/wp-content\/uploads\/elementor\/thumbs\/IMG_1756-scaled-rhud8zamn466ex0eykiy9gr95mfmoj3fpucjxe34vk.jpg\" alt=\"IMG_1756\" \/><\/figure><\/div><div class=\"swiper-slide\" role=\"group\" aria-roledescription=\"slide\" aria-label=\"5 of 6\"><figure class=\"swiper-slide-inner\"><img decoding=\"async\" class=\"swiper-slide-image\" src=\"http:\/\/cecilejutan.fr\/wp-content\/uploads\/elementor\/thumbs\/IMG_1572-scaled-rhud8o0kd3qqjlgssfnffjlq0zz845unoaiq62juy8.jpg\" alt=\"IMG_1572\" \/><\/figure><\/div><div class=\"swiper-slide\" role=\"group\" aria-roledescription=\"slide\" aria-label=\"6 of 6\"><figure class=\"swiper-slide-inner\"><img decoding=\"async\" class=\"swiper-slide-image\" src=\"http:\/\/cecilejutan.fr\/wp-content\/uploads\/elementor\/thumbs\/IMG_1744-scaled-rhud8wh42m2bg34if1b2jzgvdgtj1fs8pge3hk7be8.jpg\" alt=\"IMG_1744\" \/><\/figure><\/div>\t\t\t<\/div>\n\t\t\t\t\t\t\t\t\t\t\t\t<div class=\"elementor-swiper-button elementor-swiper-button-prev\" role=\"button\" tabindex=\"0\">\n\t\t\t\t\t\t<i aria-hidden=\"true\" class=\"eicon-chevron-left\"><\/i>\t\t\t\t\t<\/div>\n\t\t\t\t\t<div class=\"elementor-swiper-button elementor-swiper-button-next\" role=\"button\" tabindex=\"0\">\n\t\t\t\t\t\t<i aria-hidden=\"true\" class=\"eicon-chevron-right\"><\/i>\t\t\t\t\t<\/div>\n\t\t\t\t\n\t\t\t\t\t\t\t\t\t<div class=\"swiper-pagination\"><\/div>\n\t\t\t\t\t\t\t\t\t<\/div>\n\t\t\t\t\t\t<\/div>\n\t\t\t\t<\/div>\n\t\t\t\t\t<\/div>\n\t\t\t\t<\/div>\n\t\t\t\t<\/div>\n\t\t","protected":false},"excerpt":{"rendered":"<p>QUI SUIS-JE ?Professeure de yoga \u00e0 Istres et alentours, je propose des cours accessibles \u00e0 tous, en collectif ou en individuel. \u00c0 travers une pratique douce et adapt\u00e9e, je vous aide \u00e0 r\u00e9duire le stress, am\u00e9liorer votre souplesse et retrouver \u00e9quilibre et bien-\u00eatre au quotidien. C\u00e9cile Jutan Depuis l\u2019enfance j\u2019ai toujours \u00e9t\u00e9 proche de la [&hellip;]<\/p>\n","protected":false},"author":1,"featured_media":58,"parent":0,"menu_order":0,"comment_status":"closed","ping_status":"closed","template":"","meta":{"footnotes":""},"class_list":["post-55","page","type-page","status-publish","has-post-thumbnail","hentry"],"yoast_head":"<!-- This site is optimized with the Yoast SEO plugin v27.4 - https:\/\/yoast.com\/product\/yoast-seo-wordpress\/ -->\n<title>Qui suis-je ? - WordPress<\/title>\n<meta name=\"robots\" content=\"index, follow, max-snippet:-1, max-image-preview:large, max-video-preview:-1\" \/>\n<link rel=\"canonical\" href=\"http:\/\/cecilejutan.fr\/?page_id=55\" \/>\n<meta property=\"og:locale\" content=\"en_US\" \/>\n<meta property=\"og:type\" content=\"article\" \/>\n<meta property=\"og:title\" content=\"Qui suis-je ? - WordPress\" \/>\n<meta property=\"og:description\" content=\"QUI SUIS-JE ?Professeure de yoga \u00e0 Istres et alentours, je propose des cours accessibles \u00e0 tous, en collectif ou en individuel. \u00c0 travers une pratique douce et adapt\u00e9e, je vous aide \u00e0 r\u00e9duire le stress, am\u00e9liorer votre souplesse et retrouver \u00e9quilibre et bien-\u00eatre au quotidien. C\u00e9cile Jutan Depuis l\u2019enfance j\u2019ai toujours \u00e9t\u00e9 proche de la [&hellip;]\" \/>\n<meta property=\"og:url\" content=\"http:\/\/cecilejutan.fr\/?page_id=55\" \/>\n<meta property=\"og:site_name\" content=\"WordPress\" \/>\n<meta property=\"article:modified_time\" content=\"2026-02-26T14:04:59+00:00\" \/>\n<meta property=\"og:image\" content=\"http:\/\/cecilejutan.fr\/wp-content\/uploads\/2025\/10\/About-us.jpg\" \/>\n\t<meta property=\"og:image:width\" content=\"401\" \/>\n\t<meta property=\"og:image:height\" content=\"380\" \/>\n\t<meta property=\"og:image:type\" content=\"image\/jpeg\" \/>\n<meta name=\"twitter:card\" content=\"summary_large_image\" \/>\n<meta name=\"twitter:label1\" content=\"Est. reading time\" \/>\n\t<meta name=\"twitter:data1\" content=\"3 minutes\" \/>\n<script type=\"application\/ld+json\" class=\"yoast-schema-graph\">{\"@context\":\"https:\\\/\\\/schema.org\",\"@graph\":[{\"@type\":\"WebPage\",\"@id\":\"http:\\\/\\\/cecilejutan.fr\\\/?page_id=55\",\"url\":\"http:\\\/\\\/cecilejutan.fr\\\/?page_id=55\",\"name\":\"Qui suis-je ? - WordPress\",\"isPartOf\":{\"@id\":\"https:\\\/\\\/cecilejutan.fr\\\/#website\"},\"primaryImageOfPage\":{\"@id\":\"http:\\\/\\\/cecilejutan.fr\\\/?page_id=55#primaryimage\"},\"image\":{\"@id\":\"http:\\\/\\\/cecilejutan.fr\\\/?page_id=55#primaryimage\"},\"thumbnailUrl\":\"https:\\\/\\\/cecilejutan.fr\\\/wp-content\\\/uploads\\\/2025\\\/10\\\/About-us.jpg\",\"datePublished\":\"2025-10-02T16:23:45+00:00\",\"dateModified\":\"2026-02-26T14:04:59+00:00\",\"breadcrumb\":{\"@id\":\"http:\\\/\\\/cecilejutan.fr\\\/?page_id=55#breadcrumb\"},\"inLanguage\":\"en-US\",\"potentialAction\":[{\"@type\":\"ReadAction\",\"target\":[\"http:\\\/\\\/cecilejutan.fr\\\/?page_id=55\"]}]},{\"@type\":\"ImageObject\",\"inLanguage\":\"en-US\",\"@id\":\"http:\\\/\\\/cecilejutan.fr\\\/?page_id=55#primaryimage\",\"url\":\"https:\\\/\\\/cecilejutan.fr\\\/wp-content\\\/uploads\\\/2025\\\/10\\\/About-us.jpg\",\"contentUrl\":\"https:\\\/\\\/cecilejutan.fr\\\/wp-content\\\/uploads\\\/2025\\\/10\\\/About-us.jpg\",\"width\":401,\"height\":380},{\"@type\":\"BreadcrumbList\",\"@id\":\"http:\\\/\\\/cecilejutan.fr\\\/?page_id=55#breadcrumb\",\"itemListElement\":[{\"@type\":\"ListItem\",\"position\":1,\"name\":\"Home\",\"item\":\"https:\\\/\\\/cecilejutan.fr\\\/\"},{\"@type\":\"ListItem\",\"position\":2,\"name\":\"Qui suis-je ?\"}]},{\"@type\":\"WebSite\",\"@id\":\"https:\\\/\\\/cecilejutan.fr\\\/#website\",\"url\":\"https:\\\/\\\/cecilejutan.fr\\\/\",\"name\":\"Cecile Jutan\",\"description\":\"professeur de yoga - Istres\",\"potentialAction\":[{\"@type\":\"SearchAction\",\"target\":{\"@type\":\"EntryPoint\",\"urlTemplate\":\"https:\\\/\\\/cecilejutan.fr\\\/?s={search_term_string}\"},\"query-input\":{\"@type\":\"PropertyValueSpecification\",\"valueRequired\":true,\"valueName\":\"search_term_string\"}}],\"inLanguage\":\"en-US\"}]}<\/script>\n<!-- \/ Yoast SEO plugin. -->","yoast_head_json":{"title":"Qui suis-je ? - WordPress","robots":{"index":"index","follow":"follow","max-snippet":"max-snippet:-1","max-image-preview":"max-image-preview:large","max-video-preview":"max-video-preview:-1"},"canonical":"http:\/\/cecilejutan.fr\/?page_id=55","og_locale":"en_US","og_type":"article","og_title":"Qui suis-je ? - WordPress","og_description":"QUI SUIS-JE ?Professeure de yoga \u00e0 Istres et alentours, je propose des cours accessibles \u00e0 tous, en collectif ou en individuel. \u00c0 travers une pratique douce et adapt\u00e9e, je vous aide \u00e0 r\u00e9duire le stress, am\u00e9liorer votre souplesse et retrouver \u00e9quilibre et bien-\u00eatre au quotidien. C\u00e9cile Jutan Depuis l\u2019enfance j\u2019ai toujours \u00e9t\u00e9 proche de la [&hellip;]","og_url":"http:\/\/cecilejutan.fr\/?page_id=55","og_site_name":"WordPress","article_modified_time":"2026-02-26T14:04:59+00:00","og_image":[{"width":401,"height":380,"url":"http:\/\/cecilejutan.fr\/wp-content\/uploads\/2025\/10\/About-us.jpg","type":"image\/jpeg"}],"twitter_card":"summary_large_image","twitter_misc":{"Est. reading time":"3 minutes"},"schema":{"@context":"https:\/\/schema.org","@graph":[{"@type":"WebPage","@id":"http:\/\/cecilejutan.fr\/?page_id=55","url":"http:\/\/cecilejutan.fr\/?page_id=55","name":"Qui suis-je ? - WordPress","isPartOf":{"@id":"https:\/\/cecilejutan.fr\/#website"},"primaryImageOfPage":{"@id":"http:\/\/cecilejutan.fr\/?page_id=55#primaryimage"},"image":{"@id":"http:\/\/cecilejutan.fr\/?page_id=55#primaryimage"},"thumbnailUrl":"https:\/\/cecilejutan.fr\/wp-content\/uploads\/2025\/10\/About-us.jpg","datePublished":"2025-10-02T16:23:45+00:00","dateModified":"2026-02-26T14:04:59+00:00","breadcrumb":{"@id":"http:\/\/cecilejutan.fr\/?page_id=55#breadcrumb"},"inLanguage":"en-US","potentialAction":[{"@type":"ReadAction","target":["http:\/\/cecilejutan.fr\/?page_id=55"]}]},{"@type":"ImageObject","inLanguage":"en-US","@id":"http:\/\/cecilejutan.fr\/?page_id=55#primaryimage","url":"https:\/\/cecilejutan.fr\/wp-content\/uploads\/2025\/10\/About-us.jpg","contentUrl":"https:\/\/cecilejutan.fr\/wp-content\/uploads\/2025\/10\/About-us.jpg","width":401,"height":380},{"@type":"BreadcrumbList","@id":"http:\/\/cecilejutan.fr\/?page_id=55#breadcrumb","itemListElement":[{"@type":"ListItem","position":1,"name":"Home","item":"https:\/\/cecilejutan.fr\/"},{"@type":"ListItem","position":2,"name":"Qui suis-je ?"}]},{"@type":"WebSite","@id":"https:\/\/cecilejutan.fr\/#website","url":"https:\/\/cecilejutan.fr\/","name":"Cecile Jutan","description":"professeur de yoga - Istres","potentialAction":[{"@type":"SearchAction","target":{"@type":"EntryPoint","urlTemplate":"https:\/\/cecilejutan.fr\/?s={search_term_string}"},"query-input":{"@type":"PropertyValueSpecification","valueRequired":true,"valueName":"search_term_string"}}],"inLanguage":"en-US"}]}},"_links":{"self":[{"href":"https:\/\/cecilejutan.fr\/index.php?rest_route=\/wp\/v2\/pages\/55","targetHints":{"allow":["GET"]}}],"collection":[{"href":"https:\/\/cecilejutan.fr\/index.php?rest_route=\/wp\/v2\/pages"}],"about":[{"href":"https:\/\/cecilejutan.fr\/index.php?rest_route=\/wp\/v2\/types\/page"}],"author":[{"embeddable":true,"href":"https:\/\/cecilejutan.fr\/index.php?rest_route=\/wp\/v2\/users\/1"}],"replies":[{"embeddable":true,"href":"https:\/\/cecilejutan.fr\/index.php?rest_route=%2Fwp%2Fv2%2Fcomments&post=55"}],"version-history":[{"count":47,"href":"https:\/\/cecilejutan.fr\/index.php?rest_route=\/wp\/v2\/pages\/55\/revisions"}],"predecessor-version":[{"id":606,"href":"https:\/\/cecilejutan.fr\/index.php?rest_route=\/wp\/v2\/pages\/55\/revisions\/606"}],"wp:featuredmedia":[{"embeddable":true,"href":"https:\/\/cecilejutan.fr\/index.php?rest_route=\/wp\/v2\/media\/58"}],"wp:attachment":[{"href":"https:\/\/cecilejutan.fr\/index.php?rest_route=%2Fwp%2Fv2%2Fmedia&parent=55"}],"curies":[{"name":"wp","href":"https:\/\/api.w.org\/{rel}","templated":true}]}}